{"id":11683,"date":"2025-03-17T11:02:58","date_gmt":"2025-03-17T10:02:58","guid":{"rendered":"https:\/\/roig.zds.es\/cars\/bmw-serie-4-cabrio\/"},"modified":"2026-01-13T11:39:02","modified_gmt":"2026-01-13T10:39:02","slug":"bmw-serie-4-cabrio","status":"publish","type":"cars","link":"https:\/\/roig.com\/fr\/cars\/bmw-serie-4-cabrio\/","title":{"rendered":"BMW Serie 4 Cabrio"},"content":{"rendered":"\n<h2 class=\"wp-block-heading\">Location BMW S\u00e9rie 4 Cabrio \u00e0 Majorque<\/h2>\n\n<p>Et si nous ne manquions pas un seul rayon de soleil majorquin ? Avec le BMW S\u00e9rie 4 Cabrio de <strong>ROIG<\/strong>, vous pouvez le faire d\u00e8s vos prochaines vacances. Le BMW S\u00e9rie 4 Cabrio est \u00e9quip\u00e9 de tout ce dont vous avez besoin, y compris d&rsquo;un toit m\u00e9tallique divis\u00e9 qui se d\u00e9ploie \u00e9lectriquement.  <\/p>\n\n<p>Le mod\u00e8le de <strong>ROIG<\/strong> est dot\u00e9 d&rsquo;une transmission automatique. Son coffre varie entre 220 litres, avec le toit ouvert, et 370 litres, avec le toit ferm\u00e9, pouvant contenir 2 valises. Cette voiture d\u00e9capotable de location est une 3 portes avec un espace pour 4 passagers et vous pouvez la conduire \u00e0 partir de 25 ans. Avez-vous opt\u00e9 pour la location d&rsquo;un BMW \u00e0 Majorque ? V\u00e9rifiez la disponibilit\u00e9 et r\u00e9servez d\u00e8s maintenant !    <\/p>\n\n<h2 class=\"wp-block-heading\">Louer un BMW S\u00e9rie 4 Cabrio \u00e0 Majorque avec ROIG Rent a Car<\/h2>\n\n<p>Si vous recherchez des voitures de location \u00e0 Majorque avec des conditions transparentes, ROIG Rent a Car est l&rsquo;endroit id\u00e9al. Pourquoi ? En raison des nombreux avantages que nous offrons pour que votre exp\u00e9rience au volant d&rsquo;un BMW S\u00e9rie 4 Cabrio de location soit unique. Pour commencer, nous proposons une politique de carburant plein \u2013 plein, vous pourrez souscrire l&rsquo;assurance qui vous convient directement sur le site, etc. De plus, vous avez la possibilit\u00e9 de louer un GPS pour ne pas vous perdre en chemin, de r\u00e9server un si\u00e8ge auto maxi ou un si\u00e8ge pour les plus petits, ou d&rsquo;ajouter un second conducteur totalement gratuitement.    <\/p>\n\n<p>Sur notre site, vous trouverez toutes les informations. Consultez les sections <a href=\"https:\/\/roig.com\/fr\/avantages-roig\/min-minnoche-png-2\/\"><strong>conditions<\/strong><\/a>, <a href=\"\/?page_id=1829\"><strong>extras<\/strong><\/a> et <a href=\"https:\/\/roig.com\/fr\/destacadolandroveryrangeroveres-2\/\"><strong>services<\/strong><\/a>. <\/p>\n\n<h2 class=\"wp-block-heading\">D\u00e9couvrez Majorque avec votre BMW S\u00e9rie 4 Cabrio<\/h2>\n\n<p>Pouvez-vous imaginer conduire votre d\u00e9capotable de location \u00e0 Majorque ? Avec la brise de la M\u00e9diterran\u00e9e vous accompagnant \u00e0 chaque virage et le style de votre BMW sublimant chaque courbe&#8230; <\/p>\n\n<p>Il y a de nombreux recoins \u00e0 d\u00e9couvrir pendant votre voyage, car votre BMW de location vous permettra de rejoindre les plus beaux endroits de l&rsquo;\u00eele, comme le cap de Formentor, la Sierra de Tramuntana ou les villages magiques de Dei\u00e0 et Valldemossa.<\/p>\n\n<p>Et n\u2019oubliez pas de consulter notre <a href=\"\/?page_id=3100\">guide de voyage<\/a> pour pr\u00e9parer vos vacances et d\u00e9couvrir les meilleurs endroits de notre \u00eele.<\/p>\n","protected":false},"featured_media":11517,"template":"","car-category":[284],"car-type":[296,333],"characteristics":[345,349],"class_list":["post-11683","cars","type-cars","status-publish","has-post-thumbnail","hentry","car-category-rent-a-car-fr","car-type-cabrio-fr","car-type-premium-fr","characteristics-conducteur-25","characteristics-exclusivite-web"],"_links":{"self":[{"href":"https:\/\/roig.com\/fr\/wp-json\/wp\/v2\/cars\/11683","targetHints":{"allow":["GET"]}}],"collection":[{"href":"https:\/\/roig.com\/fr\/wp-json\/wp\/v2\/cars"}],"about":[{"href":"https:\/\/roig.com\/fr\/wp-json\/wp\/v2\/types\/cars"}],"wp:featuredmedia":[{"embeddable":true,"href":"https:\/\/roig.com\/fr\/wp-json\/wp\/v2\/media\/11517"}],"wp:attachment":[{"href":"https:\/\/roig.com\/fr\/wp-json\/wp\/v2\/media?parent=11683"}],"wp:term":[{"taxonomy":"car-category","embeddable":true,"href":"https:\/\/roig.com\/fr\/wp-json\/wp\/v2\/car-category?post=11683"},{"taxonomy":"car-type","embeddable":true,"href":"https:\/\/roig.com\/fr\/wp-json\/wp\/v2\/car-type?post=11683"},{"taxonomy":"characteristics","embeddable":true,"href":"https:\/\/roig.com\/fr\/wp-json\/wp\/v2\/characteristics?post=11683"}],"curies":[{"name":"wp","href":"https:\/\/api.w.org\/{rel}","templated":true}]}}

<h2 class="wp-block-heading">Location BMW Série 4 Cabrio à Majorque</h2>

<p>Et si nous ne manquions pas un seul rayon de soleil majorquin ? Avec le BMW Série 4 Cabrio de <strong>ROIG</strong>, vous pouvez le faire dès vos prochaines vacances. Le BMW Série 4 Cabrio est équipé de tout ce dont vous avez besoin, y compris d&rsquo;un toit métallique divisé qui se déploie électriquement.  </p>

<p>Le modèle de <strong>ROIG</strong> est doté d&rsquo;une transmission automatique. Son coffre varie entre 220 litres, avec le toit ouvert, et 370 litres, avec le toit fermé, pouvant contenir 2 valises. Cette voiture décapotable de location est une 3 portes avec un espace pour 4 passagers et vous pouvez la conduire à partir de 25 ans. Avez-vous opté pour la location d&rsquo;un BMW à Majorque ? Vérifiez la disponibilité et réservez dès maintenant !    </p>

<h2 class="wp-block-heading">Louer un BMW Série 4 Cabrio à Majorque avec ROIG Rent a Car</h2>

<p>Si vous recherchez des voitures de location à Majorque avec des conditions transparentes, ROIG Rent a Car est l&rsquo;endroit idéal. Pourquoi ? En raison des nombreux avantages que nous offrons pour que votre expérience au volant d&rsquo;un BMW Série 4 Cabrio de location soit unique. Pour commencer, nous proposons une politique de carburant plein – plein, vous pourrez souscrire l&rsquo;assurance qui vous convient directement sur le site, etc. De plus, vous avez la possibilité de louer un GPS pour ne pas vous perdre en chemin, de réserver un siège auto maxi ou un siège pour les plus petits, ou d&rsquo;ajouter un second conducteur totalement gratuitement.    </p>

<p>Sur notre site, vous trouverez toutes les informations. Consultez les sections <a href="https://roig.com/fr/avantages-roig/min-minnoche-png-2/"><strong>conditions</strong></a>, <a href="/?page_id=1829"><strong>extras</strong></a> et <a href="https://roig.com/fr/destacadolandroveryrangeroveres-2/"><strong>services</strong></a>. </p>

<h2 class="wp-block-heading">Découvrez Majorque avec votre BMW Série 4 Cabrio</h2>

<p>Pouvez-vous imaginer conduire votre décapotable de location à Majorque ? Avec la brise de la Méditerranée vous accompagnant à chaque virage et le style de votre BMW sublimant chaque courbe&#8230; </p>

<p>Il y a de nombreux recoins à découvrir pendant votre voyage, car votre BMW de location vous permettra de rejoindre les plus beaux endroits de l&rsquo;île, comme le cap de Formentor, la Sierra de Tramuntana ou les villages magiques de Deià et Valldemossa.</p>

<p>Et n’oubliez pas de consulter notre <a href="/?page_id=3100">guide de voyage</a> pour préparer vos vacances et découvrir les meilleurs endroits de notre île.</p>
