{"id":11684,"date":"2025-03-17T11:02:58","date_gmt":"2025-03-17T10:02:58","guid":{"rendered":"https:\/\/roig.zds.es\/cars\/bmw-serie-4-cabrio\/"},"modified":"2026-01-13T11:55:52","modified_gmt":"2026-01-13T10:55:52","slug":"bmw-serie-4-cabrio","status":"publish","type":"cars","link":"https:\/\/roig.com\/de\/cars\/bmw-serie-4-cabrio\/","title":{"rendered":"BMW Serie 4 Cabrio"},"content":{"rendered":"\n<h2 class=\"wp-block-heading\">Miete BMW Serie 4 Cabrio auf Mallorca<\/h2>\n\n<p>Und wie w\u00e4re es, wenn wir keinen einzigen mallorquinischen Sonnenstrahl verpassen? Mit dem BMW Serie 4 Cabrio von <strong>ROIG <\/strong>k\u00f6nnen Sie das bereits in Ihrem n\u00e4chsten Urlaub erleben. Der BMW Serie 4 Cabrio ist mit allem ausgestattet, was Sie ben\u00f6tigen, einschlie\u00dflich eines elektrisch betriebenen, geteilten Metalldachs.  <\/p>\n\n<p>Das Modell von <strong>ROIG<\/strong> verf\u00fcgt \u00fcber ein Automatikgetriebe. Der Kofferraum variiert zwischen 220 Litern mit offenem Verdeck und 370 Litern mit geschlossenem Verdeck, in dem 2 Koffer Platz finden. Dieser Cabrio-Mietwagen ist ein 3-T\u00fcrer mit Platz f\u00fcr 4 Passagiere und Sie k\u00f6nnen ihn ab 25 Jahren fahren. Haben Sie sich f\u00fcr die Anmietung eines BMW auf Mallorca entschieden? Pr\u00fcfen Sie die Verf\u00fcgbarkeit und reservieren Sie jetzt!    <\/p>\n\n<h2 class=\"wp-block-heading\">Mieten Sie einen BMW Serie 4 Cabrio auf Mallorca mit ROIG Rent a Car<\/h2>\n\n<p>Wenn Sie auf der Suche nach Mietwagen auf Mallorca mit transparenten Konditionen sind, ist ROIG Rent a Car der richtige Ort f\u00fcr Sie. Warum? Aufgrund der zahlreichen Vorteile, die wir Ihnen bieten, damit Ihre Erfahrung am Steuer eines BMW Serie 4 Cabrio-Mietwagens einzigartig wird. Zum einen bieten wir eine Volltank-Volltank-Politik \u2013 Sie k\u00f6nnen die Versicherung, die Sie am meisten interessiert, direkt \u00fcber die Website abschlie\u00dfen, etc. Dar\u00fcber hinaus haben Sie die M\u00f6glichkeit, ein GPS zu mieten, damit Sie sich unterwegs nicht verlaufen, einen Maxi-Kindersitz oder Babysitz f\u00fcr die Kleinsten zu reservieren oder einen Zweitfahrer v\u00f6llig kostenlos hinzuzuf\u00fcgen.    <\/p>\n\n<p>Auf unserer Website finden Sie alle Informationen. Lesen Sie die Abschnitte \u00fcber die <a href=\"https:\/\/roig.com\/de\/vorteile\/min-minnoche-png-2\/\"><strong>Bedingungen<\/strong><\/a>, <a href=\"\/?page_id=1829\"><strong>Extras<\/strong><\/a> und <a href=\"https:\/\/roig.com\/de\/destacadolandroveryrangeroveres-2\/\"><strong>Leistungen<\/strong><\/a>. <\/p>\n\n<h2 class=\"wp-block-heading\">Entdecken Sie Mallorca mit Ihrem BMW Serie 4 Cabrio<\/h2>\n\n<p>K\u00f6nnen Sie sich vorstellen, Ihren Cabrio-Mietwagen auf Mallorca zu fahren? Mit der Brise des Mittelmeers, die Sie bei jeder Kurve begleitet, und dem Stil Ihres BMW, der jede sanfte Lenkbewegung unterstreicht\u2026 <\/p>\n\n<p>Es gibt zahlreiche Ecken, die Sie w\u00e4hrend Ihrer Reise entdecken k\u00f6nnen, denn Ihr BMW-Mietwagen erm\u00f6glicht es Ihnen, zu den sch\u00f6nsten Orten der Insel zu fahren \u2013 wie zum Beispiel zum Kap Formentor, in die Sierra de Tramuntana oder in die zauberhaften D\u00f6rfer Dei\u00e0 und Valldemossa.<\/p>\n\n<p>Und vergessen Sie nicht, unseren <a href=\"\/?page_id=3100\">Reisef\u00fchrer<\/a> zu konsultieren, um Ihren Urlaub vorzubereiten und die sch\u00f6nsten Orte auf unserer Insel zu entdecken.<\/p>\n","protected":false},"featured_media":11518,"template":"","car-category":[289,285],"car-type":[297,332],"characteristics":[344,348],"class_list":["post-11684","cars","type-cars","status-publish","has-post-thumbnail","hentry","car-category-premium-de","car-category-rent-a-car-de","car-type-cabrio-de","car-type-premium-de","characteristics-fahrer-25","characteristics-web-exklusiv"],"_links":{"self":[{"href":"https:\/\/roig.com\/de\/wp-json\/wp\/v2\/cars\/11684","targetHints":{"allow":["GET"]}}],"collection":[{"href":"https:\/\/roig.com\/de\/wp-json\/wp\/v2\/cars"}],"about":[{"href":"https:\/\/roig.com\/de\/wp-json\/wp\/v2\/types\/cars"}],"wp:featuredmedia":[{"embeddable":true,"href":"https:\/\/roig.com\/de\/wp-json\/wp\/v2\/media\/11518"}],"wp:attachment":[{"href":"https:\/\/roig.com\/de\/wp-json\/wp\/v2\/media?parent=11684"}],"wp:term":[{"taxonomy":"car-category","embeddable":true,"href":"https:\/\/roig.com\/de\/wp-json\/wp\/v2\/car-category?post=11684"},{"taxonomy":"car-type","embeddable":true,"href":"https:\/\/roig.com\/de\/wp-json\/wp\/v2\/car-type?post=11684"},{"taxonomy":"characteristics","embeddable":true,"href":"https:\/\/roig.com\/de\/wp-json\/wp\/v2\/characteristics?post=11684"}],"curies":[{"name":"wp","href":"https:\/\/api.w.org\/{rel}","templated":true}]}}

<h2 class="wp-block-heading">Miete BMW Serie 4 Cabrio auf Mallorca</h2>

<p>Und wie wäre es, wenn wir keinen einzigen mallorquinischen Sonnenstrahl verpassen? Mit dem BMW Serie 4 Cabrio von <strong>ROIG </strong>können Sie das bereits in Ihrem nächsten Urlaub erleben. Der BMW Serie 4 Cabrio ist mit allem ausgestattet, was Sie benötigen, einschließlich eines elektrisch betriebenen, geteilten Metalldachs.  </p>

<p>Das Modell von <strong>ROIG</strong> verfügt über ein Automatikgetriebe. Der Kofferraum variiert zwischen 220 Litern mit offenem Verdeck und 370 Litern mit geschlossenem Verdeck, in dem 2 Koffer Platz finden. Dieser Cabrio-Mietwagen ist ein 3-Türer mit Platz für 4 Passagiere und Sie können ihn ab 25 Jahren fahren. Haben Sie sich für die Anmietung eines BMW auf Mallorca entschieden? Prüfen Sie die Verfügbarkeit und reservieren Sie jetzt!    </p>

<h2 class="wp-block-heading">Mieten Sie einen BMW Serie 4 Cabrio auf Mallorca mit ROIG Rent a Car</h2>

<p>Wenn Sie auf der Suche nach Mietwagen auf Mallorca mit transparenten Konditionen sind, ist ROIG Rent a Car der richtige Ort für Sie. Warum? Aufgrund der zahlreichen Vorteile, die wir Ihnen bieten, damit Ihre Erfahrung am Steuer eines BMW Serie 4 Cabrio-Mietwagens einzigartig wird. Zum einen bieten wir eine Volltank-Volltank-Politik – Sie können die Versicherung, die Sie am meisten interessiert, direkt über die Website abschließen, etc. Darüber hinaus haben Sie die Möglichkeit, ein GPS zu mieten, damit Sie sich unterwegs nicht verlaufen, einen Maxi-Kindersitz oder Babysitz für die Kleinsten zu reservieren oder einen Zweitfahrer völlig kostenlos hinzuzufügen.    </p>

<p>Auf unserer Website finden Sie alle Informationen. Lesen Sie die Abschnitte über die <a href="https://roig.com/de/vorteile/min-minnoche-png-2/"><strong>Bedingungen</strong></a>, <a href="/?page_id=1829"><strong>Extras</strong></a> und <a href="https://roig.com/de/destacadolandroveryrangeroveres-2/"><strong>Leistungen</strong></a>. </p>

<h2 class="wp-block-heading">Entdecken Sie Mallorca mit Ihrem BMW Serie 4 Cabrio</h2>

<p>Können Sie sich vorstellen, Ihren Cabrio-Mietwagen auf Mallorca zu fahren? Mit der Brise des Mittelmeers, die Sie bei jeder Kurve begleitet, und dem Stil Ihres BMW, der jede sanfte Lenkbewegung unterstreicht… </p>

<p>Es gibt zahlreiche Ecken, die Sie während Ihrer Reise entdecken können, denn Ihr BMW-Mietwagen ermöglicht es Ihnen, zu den schönsten Orten der Insel zu fahren – wie zum Beispiel zum Kap Formentor, in die Sierra de Tramuntana oder in die zauberhaften Dörfer Deià und Valldemossa.</p>

<p>Und vergessen Sie nicht, unseren <a href="/?page_id=3100">Reiseführer</a> zu konsultieren, um Ihren Urlaub vorzubereiten und die schönsten Orte auf unserer Insel zu entdecken.</p>
